, 751
What are the prime factors of 297778?
2, 13, 881
List the prime factors of 6059361.
3, 7, 11, 17, 1543
What are the prime factors of 3774709?
3774709
What are the prime factors of 469495?
5, 13, 31, 233
List the prime factors of 39162.
2, 3, 61, 107
What are the prime factors of 11062086?
2, 3, 7, 263383
What are the prime factors of 107682?
2, 3, 131, 137
What are the prime factors of 558516?
2, 3, 7, 61, 109
What are the prime factors of 254846?
2, 127423
What are the prime factors of 4357293?
3, 463, 3137
List the prime factors of 357329.
7, 51047
List the prime factors of 178791.
3, 61, 977
What are the prime factors of 484206?
2, 3, 80701
List the prime factors of 146843.
146843
List the prime factors of 1720340.
2, 5, 86017
List the prime factors of 5754885.
3, 5, 383659
List the prime factors of 1347016.
2, 11, 15307
What are the prime factors of 9792724?
2, 2448181
What are the prime factors of 1117946?
2, 558973
What are the prime factors of 435934?
2, 37, 43, 137
List the prime factors of 311620.
2, 5, 15581
List the prime factors of 1846439.
7, 19, 13883
List the prime factors of 96153.
3, 32051
What are the prime factors of 15601781?
13, 359, 3343
What are the prime factors of 15909638?
2, 7954819
List the prime factors of 1769604.
2, 3, 31, 67, 71
List the prime factors of 568110.
2, 3, 5, 29, 653
List the prime factors of 4218256.
2, 7, 37663
List the prime factors of 6338359.
37, 107, 1601
List the prime factors of 62208.
2, 3
What are the prime factors of 14591245?
5, 2918249
What are the prime factors of 10598105?
5, 7, 19, 15937
What are the prime factors of 4293718?
2, 11, 13, 15013
What are the prime factors of 629094?
2, 3, 104849
List the prime factors of 486604.
2, 239, 509
List the prime factors of 13297224.
2, 3, 554051
What are the prime factors of 1525126?
2, 762563
What are the prime factors of 126207?
3, 37, 379
What are the prime factors of 1130210?
2, 5, 113021
What are the prime factors of 8856416?
2, 276763
List the prime factors of 503930.
2, 5, 7, 23, 313
What are the prime factors of 4248193?
4248193
List the prime factors of 390178.
2, 195089
List the prime factors of 2087607.
3, 43, 16183
What are the prime factors of 331122?
2, 3, 11, 29, 173
What are the prime factors of 2147814?
2, 3, 17, 7019
What are the prime factors of 319188?
2, 3, 67, 397
List the prime factors of 332495.
5, 66499
What are the prime factors of 14018397?
3, 29, 269, 599
What are the prime factors of 1577588?
2, 521, 757
What are the prime factors of 1975988?
2, 7, 70571
List the prime factors of 746903.
746903
What are the prime factors of 1103046?
2, 3, 7, 26263
List the prime factors of 21718.
2, 10859
What are the prime factors of 1312092?
2, 3, 12149
List the prime factors of 1758895.
5, 351779
What are the prime factors of 4678169?
37, 59, 2143
What are the prime factors of 3465138?
2, 3, 577523
What are the prime factors of 257109?
3, 85703
What are the prime factors of 1261322?
2, 577, 1093
List the prime factors of 276050.
2, 5, 5521
What are the prime factors of 118822?
2, 11, 491
List the prime factors of 5424981.
3, 1808327
What are the prime factors of 265368?
2, 3, 11057
List the prime factors of 736267.
7, 107, 983
What are the prime factors of 2998536?
2, 3, 103, 1213
What are the prime factors of 28688100?
2, 3, 5, 7, 19, 719
What are the prime factors of 483177?
3, 161059
List the prime factors of 4234959.
3, 470551
List the prime factors of 10114011.
3, 29, 12917
List the prime factors of 18686515.
5, 101, 37003
What are the prime factors of 1017098?
2, 508549
What are the prime factors of 4189130?
2, 5, 11, 38083
List the prime factors of 25852.
2, 23, 281
What are the prime factors of 171281?
11, 23, 677
What are the prime factors of 368437?
23, 83, 193
What are the prime factors of 5703553?
19, 300187
What are the prime factors of 7944161?
79, 100559
List the prime factors of 31284226.
2, 15642113
What are the prime factors of 13843503?
3, 1538167
What are the prime factors of 3224816?
2, 7, 28793
What are the prime factors of 27307587?
3, 9102529
What are the prime factors of 501750?
2, 3, 5, 223
What are the prime factors of 302373?
3, 3733
What are the prime factors of 951534?
2, 3, 67, 263
What are the prime factors of 4505464?
2, 563183
What are the prime factors of 3150522?
2, 3, 41, 1423
What are the prime factors of 9389043?
3, 83, 12569
What are the prime factors of 493622?
2, 246811
What are the prime factors of 941942?
2, 23, 20477
List the prime factors of 737320.
2, 5, 18433
List the prime factors of 4094592.
2, 3, 10663
What are the prime factors of 47838?
2, 3, 7, 17, 67
List the prime factors of 467549.
467549
List the prime factors of 6596104.
2, 824513
What are the prime factors of 2512194?
2, 3, 418699
What are the prime factors of 1392313?
13, 107101
List the prime factors of 4358758.
2, 29, 223, 337
List the prime factors of 10004636.
2, 17, 167, 881
List the prime factors of 13167609.
3, 7, 13, 139, 347
List the prime factors of 15014918.
2, 7507459
List the prime factors of 227937.
3, 75979
List the prime factors of 676089.
3, 43, 1747
What are the prime factors of 125657?
7, 29, 619
List the prime factors of 211701.
3, 7, 17, 593
What are the prime factors of 88897?
88897
List the prime factors of 1047298.
2, 7, 239, 313
List the prime factors of 63375.
3, 5, 13
List the prime factors of 27819200.
2, 5, 17387
List the prime factors of 85840.
2, 5, 29, 37
List the prime factors of 1249332.
2, 3, 7, 107, 139
What are the prime factors of 439938?
2, 3, 8147
What are the prime factors of 265632?
2, 3, 2767
What are the prime factors of 3177282?
2, 3, 529547
What are the prime factors of 8157388?
2, 179, 11393
List the prime factors of 8235785.
5, 97, 16981
List the prime factors of 2502372.
2, 3, 151, 1381
What are the prime factors of 1021271?
1021271
List the prime factors of 428351.
7, 11, 5563
What are the prime factors of 1544466?
2, 3, 7, 11, 3343
What are the prime factors of 7493446?
2, 23, 162901
What are the prime factors of 532564?
2, 211, 631
List the prime factors of 4519478.
2, 2259739
What are the prime factors of 210105?
3, 5, 7, 23, 29
What are the prime factors of 540059?
13, 41543
List the prime factors of 7174563.
3, 11, 217411
What are the prime factors of 65260?
2, 5, 13, 251
List the prime factors of 7655896.
2, 956987
List the prime factors of 2034648.
2, 3, 7, 11, 367
List the prime factors of 113454.
2, 3, 11, 191
List the prime factors of 1895872.
2, 11, 2693
List the prime factors of 2956475.
5, 118259
List the prime factors of 3474096.
2, 3, 157, 461
What are the prime factors of 17388309?
3, 67, 86509
What are the prime factors of 1464438?
2, 3, 41, 5953
What are the prime factors of 424328?
2, 29, 31, 59
What are the prime factors of 384647?
67, 5741
List the prime factors of 5081663.
41, 3023
What are the prime factors of 487494?
2, 3, 7, 53, 73
What are the prime factors of 297912?
2, 3, 12413
List the prime factors of 35098858.
2, 3559, 4931
What are the prime factors of 14030495?
5, 59, 199, 239
What are the prime factors of 64067?
64067
List the prime factors of 435905.
5, 87181
What are the prime factors of 11685514?
2, 311, 18787
What are the prime factors of 14489195?
5, 7, 23, 41, 439
List the prime factors of 174694.
2, 13, 6719
What are the prime factors of 21403014?
2, 3, 881, 4049
What are the prime factors of 6044311?
7, 13, 127, 523
List the prime factors of 1076454.
2, 3, 79, 757
What are the prime factors of 122294?
2, 47, 1301
List the prime factors of 159696.
2, 3, 1109
List the prime factors of 549939.
3, 13, 59, 239
What are the prime factors of 2680099?
151, 17749
List the prime factors of 721468.
2, 11, 19, 863
List the prime factors of 1182606.
2, 3, 197101
What are the prime factors of 498187?
61, 8167
What are the prime factors of 819442?
2, 13, 31517
What are the prime factors of 1277017?
7, 182431
List the prime factors of 133201.
133201
List the prime factors of 17757607.
7, 2536801
List the prime factors of 18836062.
2, 7, 397, 3389
List the prime factors of 6646637.
19, 353, 991
What are the prime factors of 76248?
2, 3, 353
What are the prime factors of 3886600?
2, 5, 19433
List the prime factors of 1191333.
3, 11, 13,